e prime factors of 27767867?
27767867
What are the prime factors of 11412549?
3, 331, 1277
List the prime factors of 18246.
2, 3, 3041
What are the prime factors of 209691?
3, 23, 1013
List the prime factors of 28668421.
28668421
What are the prime factors of 418519?
43, 9733
What are the prime factors of 24019018?
2, 29, 59, 7019
What are the prime factors of 173720?
2, 5, 43, 101
List the prime factors of 1142339.
11, 29, 3581
List the prime factors of 31911450.
2, 3, 5, 19, 11197
List the prime factors of 3493083.
3, 11, 151, 701
List the prime factors of 1688824.
2, 379, 557
What are the prime factors of 9470634?
2, 3, 1578439
What are the prime factors of 20727047?
11, 47, 853
List the prime factors of 297853.
297853
List the prime factors of 732215.
5, 11, 13313
What are the prime factors of 621271?
7, 31, 409
List the prime factors of 93378.
2, 3, 79, 197
What are the prime factors of 560728?
2, 7, 17, 19, 31
What are the prime factors of 7477328?
2, 467333
What are the prime factors of 215113?
89, 2417
List the prime factors of 807469.
13, 179, 347
What are the prime factors of 294143?
107, 2749
List the prime factors of 167194.
2, 83597
What are the prime factors of 1338261?
3, 446087
What are the prime factors of 7792779?
3, 59, 44027
What are the prime factors of 3703953?
3, 11, 112241
What are the prime factors of 747129?
3, 337, 739
List the prime factors of 611635.
5, 122327
List the prime factors of 4055751.
3, 7, 23, 311
List the prime factors of 550298.
2, 7, 23, 1709
What are the prime factors of 25536481?
41, 103, 6047
List the prime factors of 2062675.
5, 82507
List the prime factors of 8558628.
2, 3, 13, 83, 661
List the prime factors of 95667.
3, 11, 13, 223
What are the prime factors of 29074119?
3, 37, 103, 2543
What are the prime factors of 1515110?
2, 5, 127, 1193
What are the prime factors of 2507229?
3, 278581
What are the prime factors of 1856986?
2, 29, 101, 317
List the prime factors of 4802873.
4802873
What are the prime factors of 10031503?
1949, 5147
What are the prime factors of 653556?
2, 3, 107, 509
What are the prime factors of 2758508?
2, 757, 911
What are the prime factors of 22313?
53, 421
List the prime factors of 2257725.
3, 5, 30103
List the prime factors of 18455103.
3, 2050567
What are the prime factors of 14076912?
2, 3, 293269
What are the prime factors of 23990?
2, 5, 2399
What are the prime factors of 5127652?
2, 397, 3229
What are the prime factors of 391407?
3, 130469
List the prime factors of 37690891.
7, 149, 36137
What are the prime factors of 451527?
3, 59, 2551
List the prime factors of 419742.
2, 3, 2591
What are the prime factors of 430197?
3, 193, 743
List the prime factors of 52547.
11, 17, 281
List the prime factors of 774343.
774343
What are the prime factors of 269137?
11, 43, 569
List the prime factors of 5724165.
3, 5, 29, 13159
List the prime factors of 356316.
2, 3, 23, 1291
What are the prime factors of 961806?
2, 3, 31, 5171
List the prime factors of 4705949.
4705949
List the prime factors of 290719.
11, 13, 19, 107
What are the prime factors of 125819?
47, 2677
List the prime factors of 19525984.
2, 610187
List the prime factors of 3312190.
2, 5, 7, 47317
What are the prime factors of 19307585?
5, 11, 351047
What are the prime factors of 13505813?
13505813
What are the prime factors of 468677?
11, 137, 311
What are the prime factors of 31983724?
2, 7995931
What are the prime factors of 643082?
2, 11, 29231
What are the prime factors of 8780733?
3, 13, 23, 251
List the prime factors of 25597955.
5, 757, 6763
What are the prime factors of 836156?
2, 209039
List the prime factors of 1584199.
41, 38639
What are the prime factors of 440943?
3, 103, 1427
List the prime factors of 22884825.
3, 5, 305131
List the prime factors of 491906.
2, 419, 587
What are the prime factors of 184205?
5, 7, 19, 277
List the prime factors of 870372.
2, 3, 8059
List the prime factors of 1942310.
2, 5, 43, 4517
What are the prime factors of 351524?
2, 87881
List the prime factors of 391828.
2, 23, 4259
List the prime factors of 169036.
2, 7, 6037
What are the prime factors of 711270?
2, 3, 5, 7, 1129
List the prime factors of 4080367.
67, 60901
What are the prime factors of 14299945?
5, 11, 37, 7027
What are the prime factors of 1788797?
79, 22643
List the prime factors of 282387.
3, 7, 17, 113
List the prime factors of 17546757.
3, 509, 11491
What are the prime factors of 8432628?
2, 3, 23, 30553
List the prime factors of 783000.
2, 3, 5, 29
List the prime factors of 1780043.
1237, 1439
What are the prime factors of 1763278?
2, 11, 80149
List the prime factors of 304806.
2, 3, 37, 1373
What are the prime factors of 328162?
2, 71, 2311
What are the prime factors of 72700?
2, 5, 727
List the prime factors of 2953909.
7, 421987
What are the prime factors of 232231?
23, 439
List the prime factors of 30276.
2, 3, 29
List the prime factors of 25402.
2, 13, 977
List the prime factors of 98449.
13, 7573
What are the prime factors of 236389?
97, 2437
What are the prime factors of 15773101?
23, 673, 1019
List the prime factors of 682452.
2, 3, 71, 89
What are the prime factors of 1367181?
3, 151909
What are the prime factors of 254483?
173, 1471
List the prime factors of 33732548.
2, 2221, 3797
What are the prime factors of 326703?
3, 13, 8377
What are the prime factors of 8588774?
2, 17, 252611
List the prime factors of 2854896.
2, 3, 11, 5407
What are the prime factors of 14703379?
41, 61, 5879
What are the prime factors of 2085321?
3, 7, 199, 499
List the prime factors of 2216828.
2, 554207
List the prime factors of 246148.
2, 7, 59, 149
List the prime factors of 37058.
2, 7, 2647
What are the prime factors of 151957?
13, 11689
List the prime factors of 126073.
139, 907
List the prime factors of 3113899.
3113899
List the prime factors of 6419303.
11, 79, 83, 89
What are the prime factors of 275823?
3, 19, 1613
What are the prime factors of 849713?
47, 101, 179
What are the prime factors of 4945828?
2, 23, 53759
List the prime factors of 711875.
5, 17, 67
List the prime factors of 3210959.
3210959
List the prime factors of 192157.
7, 97, 283
List the prime factors of 614648.
2, 76831
What are the prime factors of 13220658?
2, 3, 11, 2473
List the prime factors of 589535.
5, 157, 751
List the prime factors of 19134640.
2, 5, 7, 47, 727
What are the prime factors of 312?
2, 3, 13
What are the prime factors of 14124471?
3, 67, 70271
What are the prime factors of 12345346?
2, 13, 37, 41, 313
List the prime factors of 307975.
5, 97, 127
What are the prime factors of 148967?
7, 13, 1637
What are the prime factors of 2156563?
199, 10837
List the prime factors of 4438361.
4438361
List the prime factors of 260072.
2, 19, 29, 59
List the prime factors of 1648.
2, 103
What are the prime factors of 1089954?
2, 3, 19, 3187
What are the prime factors of 3449972?
2, 862493
What are the prime factors of 2746012?
2, 686503
List the prime factors of 257664.
2, 3, 11, 61
What are the prime factors of 16546752?
2, 3, 23, 1249
What are the prime factors of 6078634?
2, 1229, 2473
List the prime factors of 361823.
7, 11, 37, 127
What are the prime factors of 510583?
510583
What are the prime factors of 4710456?
2, 3, 65423
What are the prime factors of 926950?
2, 5, 18539
List the prime factors of 6216420.
2, 3, 5, 7, 19, 41
List the prime factors of 22805745.
3, 5, 29, 103, 509
List the prime factors of 56102.
2, 28051
List the prime factors of 85505.
5, 7, 349
List the prime factors of 619454.
2, 11, 37, 761
What are the prime factors of 1073511?
3, 181, 659
List the prime factors of 451227.
3, 7, 21487
What are the prime factors of 5919256?
2, 7, 105701
What are the prime factors of 10518996?
2, 3, 29, 167, 181
List the prime factors of 2153174.
2, 1076587
List the prime factors of 21794711.
487, 44753
List the prime factors of 73814.
2, 13, 17, 167
List the prime factors of 4274278.
2, 19, 112481
List the prime factors of 23247602.
2, 7, 17, 19, 53, 97
List the prime factors of 2041724.
2, 467, 1093
What are the prime factors of 866435?
5, 149, 1163
What are the prime factors of 2213668?
2, 553417
List the prime factors of 409352.
2, 51169
List the prime factors of 21810639.
3, 29, 31, 8087
What are the prime factors of